{"version":"1.0","provider_name":"Fondation Jean-Marie Lehn","provider_url":"https:\/\/fondation-lehn.fr\/en\/","title":"Our team - Fondation Jean-Marie Lehn","type":"rich","width":600,"height":338,"html":"<blockquote class=\"wp-embedded-content\" data-secret=\"bu6ArFN3Jj\"><a href=\"https:\/\/fondation-lehn.fr\/en\/our-team\/\">Our team<\/a><\/blockquote><iframe sandbox=\"allow-scripts\" security=\"restricted\" src=\"https:\/\/fondation-lehn.fr\/en\/our-team\/embed\/#?secret=bu6ArFN3Jj\" width=\"600\" height=\"338\" title=\"&#8220;Our team&#8221; &#8212; Fondation Jean-Marie Lehn\" data-secret=\"bu6ArFN3Jj\" frameborder=\"0\" marginwidth=\"0\" marginheight=\"0\" scrolling=\"no\" class=\"wp-embedded-content\"><\/iframe><script type=\"text\/javascript\">\n\/*! This file is auto-generated *\/\n!function(c,d){\"use strict\";var e=!1,o=!1;if(d.querySelector)if(c.addEventListener)e=!0;if(c.wp=c.wp||{},c.wp.receiveEmbedMessage);else if(c.wp.receiveEmbedMessage=function(e){var t=e.data;if(!t);else if(!(t.secret||t.message||t.value));else if(\/[^a-zA-Z0-9]\/.test(t.secret));else{for(var r,s,a,i=d.querySelectorAll('iframe[data-secret=\"'+t.secret+'\"]'),n=d.querySelectorAll('blockquote[data-secret=\"'+t.secret+'\"]'),o=new RegExp(\"^https?:$\",\"i\"),l=0;l<n.length;l++)n[l].style.display=\"none\";for(l=0;l<i.length;l++)if(r=i[l],e.source!==r.contentWindow);else{if(r.removeAttribute(\"style\"),\"height\"===t.message){if(1e3<(s=parseInt(t.value,10)))s=1e3;else if(~~s<200)s=200;r.height=s}if(\"link\"===t.message)if(s=d.createElement(\"a\"),a=d.createElement(\"a\"),s.href=r.getAttribute(\"src\"),a.href=t.value,!o.test(a.protocol));else if(a.host===s.host)if(d.activeElement===r)c.top.location.href=t.value}}},e)c.addEventListener(\"message\",c.wp.receiveEmbedMessage,!1),d.addEventListener(\"DOMContentLoaded\",t,!1),c.addEventListener(\"load\",t,!1);function t(){if(o);else{o=!0;for(var e,t,r,s=-1!==navigator.appVersion.indexOf(\"MSIE 10\"),a=!!navigator.userAgent.match(\/Trident.*rv:11\\.\/),i=d.querySelectorAll(\"iframe.wp-embedded-content\"),n=0;n<i.length;n++){if(!(r=(t=i[n]).getAttribute(\"data-secret\")))r=Math.random().toString(36).substr(2,10),t.src+=\"#?secret=\"+r,t.setAttribute(\"data-secret\",r);if(s||a)(e=t.cloneNode(!0)).removeAttribute(\"security\"),t.parentNode.replaceChild(e,t);t.contentWindow.postMessage({message:\"ready\",secret:r},\"*\")}}}}(window,document);\n<\/script>\n","description":"Our team Executive Team Bernard MeunierChairman Thomas EbbesenDirector Mir Wais HosseiniDeputy director Jean GagneuxExecutive director Bernard MeunierChairman Thomas EbbesenDirector Mir Wais HosseiniDeputy director Jean GagneuxExecutive director Operational team St\u00e9phanie LoisonGrant Manager &#038; communication St\u00e9phanie Wittersheim-Ch\u00e9ronCorporate Partnerships Manager Ga\u00ebtan ChambonFundraiser Sandrine FournierAccounting manager Elisabeth BulducAccountant Yahia AtoiniAccountant Nicolas KuhnAdministrative coordinator St\u00e9phanie Wittersheim-Ch\u00e9ronCorporate Partnerships Manager Ga\u00ebtan ChambonFundraiser [&hellip;]","thumbnail_url":"https:\/\/fondation-lehn.fr\/wp-content\/uploads\/2020\/07\/Bernard-Meunier-1.png"}

Our team Executive Team Bernard MeunierChairman Thomas EbbesenDirector Mir Wais HosseiniDeputy director Jean GagneuxExecutive director Bernard MeunierChairman Thomas EbbesenDirector Mir Wais HosseiniDeputy director Jean GagneuxExecutive director Operational team Stéphanie LoisonGrant Manager &#038; communication Stéphanie Wittersheim-ChéronCorporate Partnerships Manager Gaëtan ChambonFundraiser Sandrine FournierAccounting manager Elisabeth BulducAccountant Yahia AtoiniAccountant Nicolas KuhnAdministrative coordinator Stéphanie Wittersheim-ChéronCorporate Partnerships Manager Gaëtan ChambonFundraiser [&hellip;]
